{"id":25,"date":"2012-12-18T00:11:13","date_gmt":"2012-12-17T22:11:13","guid":{"rendered":"http:\/\/bremerkinder.de\/?page_id=25"},"modified":"2024-12-27T12:34:15","modified_gmt":"2024-12-27T11:34:15","slug":"mitglied-werden","status":"publish","type":"page","link":"http:\/\/bremerkinder.de\/?page_id=25","title":{"rendered":"Mitglied werden"},"content":{"rendered":"<p>Um Mitglied zu werden f\u00fcllen Sie bitte folgende pdf-Datei aus und schicken sie an uns<\/p>\n<p>Vielen Dank f\u00fcr Ihre Unterst\u00fctzung!<\/p>\n<p><a href=\"http:\/\/bremerkinder.de\/wp-content\/uploads\/2024\/12\/Mitgliedsantrag_Bremerkinder_eV.pdf\" data-wplink-edit=\"true\">Mitgliedsantrag_Bremerkinder_eV<\/a><\/p>\n","protected":false},"excerpt":{"rendered":"<p>Um Mitglied zu werden f\u00fcllen Sie bitte folgende pdf-Datei aus und schicken sie an uns Vielen Dank f\u00fcr Ihre Unterst\u00fctzung! Mitgliedsantrag_Bremerkinder_eV<\/p>\n","protected":false},"author":1,"featured_media":0,"parent":0,"menu_order":0,"comment_status":"closed","ping_status":"closed","template":"","meta":[],"_links":{"self":[{"href":"http:\/\/bremerkinder.de\/index.php?rest_route=\/wp\/v2\/pages\/25"}],"collection":[{"href":"http:\/\/bremerkinder.de\/index.php?rest_route=\/wp\/v2\/pages"}],"about":[{"href":"http:\/\/bremerkinder.de\/index.php?rest_route=\/wp\/v2\/types\/page"}],"author":[{"embeddable":true,"href":"http:\/\/bremerkinder.de\/index.php?rest_route=\/wp\/v2\/users\/1"}],"replies":[{"embeddable":true,"href":"http:\/\/bremerkinder.de\/index.php?rest_route=%2Fwp%2Fv2%2Fcomments&post=25"}],"version-history":[{"count":13,"href":"http:\/\/bremerkinder.de\/index.php?rest_route=\/wp\/v2\/pages\/25\/revisions"}],"predecessor-version":[{"id":520,"href":"http:\/\/bremerkinder.de\/index.php?rest_route=\/wp\/v2\/pages\/25\/revisions\/520"}],"wp:attachment":[{"href":"http:\/\/bremerkinder.de\/index.php?rest_route=%2Fwp%2Fv2%2Fmedia&parent=25"}],"curies":[{"name":"wp","href":"https:\/\/api.w.org\/{rel}","templated":true}]}}